a + 162. Let k(s) = -14*s + 808. Let f(y) = -2*k(y) + 11*n(y). Give f(32).
6
Suppose 52*r - 19*r + 66 = 0. Let g(q) = -45*q - 2. Calculate g(r).
88
Let t(x) be the second derivative of -5*x**4/12 + x**2/2 - 11178*x. Let c = -2 - 0. Let m(d) = -d - 1. Let k be m(c). Calculate t(k).
-4
Suppose 5*d - 4*d - 7 = 0. Let k be (-5)/(-2) + (-35)/(-10) + -4. Let j(n) = -6*n**k + 0 + 4 + 3 - n**3 + 2*n**3 - 8*n. Determine j(d).
0
Let t(w) = -8*w + 75. Let n be t(9). Let b(d) = -4 - 2 - 4*d**2 + d**n + 2*d**2 + 178*d - 179*d. Give b(0).
-6
Let h(f) = f**2 - 11*f + 28. Let l = 838 + -833. Calculate h(l).
-2
Let f(t) = -444 + 144 + 127 + 148 - 7*t. Give f(-14).
73
Let y(a) = 98*a + 6. Let g(k) = -31*k - 1. Let m(w) = 7*g(w) + 2*y(w). What is m(3)?
-58
Let p = -29413 + 29404. Let c(t) = -1. Let h(d) = -d - 13. Let u(x) = 5*c(x) - h(x). Calculate u(p).
-1
Suppose -111 = -z + 23. Suppose 24 = z*i - 136*i. Let g = 4 + i. Let v(w) = w**3 + 9*w**2 + 8*w + 4. What is v(g)?
4
Let l(h) = -h**3 - 7*h**2 + 10*h + 11. Suppose -24*z = 34*z + 422 + 42. Determine l(z).
-5
Let v(t) = 3*t**2 + 6*t + 30. Let b(x) = 26*x**2 + 48*x + 243. Let l(q) = -2*b(q) + 17*v(q). Calculate l(10).
-16
Let a(n) = -3*n**3 + 21*n**2 + 15*n + 38. Let d(b) = -2*b**3 + 19*b**2 + 13*b + 27. Let v(w) = -3*a(w) + 4*d(w). Calculate v(-12).
54
Let s(z) be the third derivative of 102*z**2 + 0*z + 1/6*z**3 + 3/8*z**4 - 1. Give s(3).
28
Let f(c) = -c**2 - 4*c + 5. Let u(v) = 2*v**3 + 4*v**2 - 16*v + 32. Let t(o) = 4*f(o) - u(o). Calculate t(-4).
-12
Let o(f) be the first derivative of -f**3 + 11*f**2 - 8*f - 4529. Calculate o(6).
16
Let b(l) = -l**3 - 4*l**2 + 3*l + 5. Let t be b(0). Suppose 0*p + 2*p + t*s + 23 = 0, 0 = 3*p + s + 28. Let v(h) = h**3 + 8*h**2 - 8*h - 1. Give v(p).
-10
Suppose 4*v = 53 + 115. Suppose -v = 28*i + 42. Let a(x) = -x**2 + x + 2. Determine a(i).
-10
Let w(q) be the first derivative of q**4/12 - 7*q**3/6 - q**2/2 - 2*q - 3. Let f(v) be the first derivative of w(v). Suppose -57*m - 73 = -301. Determine f(m).
-13
Suppose 0 = -0*i - 4*i - 20. Let x(l) be the third derivative of 0*l + 0 - 1/60*l**5 - l**3 - 51*l**2 - 1/3*l**4. What is x(i)?
9
Let u = 30 - 34. Let k be (u/3)/((-1)/(-30)). Let m = -46 - k. Let t(l) = -3*l - 3. Calculate t(m).
15
Let x(o) be the first derivative of -2*o**2 - 8*o + 4114. Give x(-6).
16
Let c(u) = -2*u**3 + 3*u**2 - u - 4. Suppose 30 = 5*f + 5*n, -3*f + 161 = -n + 159. Calculate c(f).
-10
Let d(w) = -5 - 9*w + 53 - 10 + w. Let q be d(5). Let z(c) = 3*c**2 + c - 7. Let u(y) = -2*y**2 + 6. Let o(k) = 4*u(k) + 3*z(k). Give o(q).
1
Suppose -40 = -31*j + 36*j + 5*q, 0 = 3*j + 4*q + 24. Let t(w) = w**2 + 18*w + 22. Determine t(j).
-58
Let y(d) = -d**2 + 6*d - 5. Let x(u) = 110*u - 982. Let g be x(9). Give y(g).
-21
Suppose -3*z - 3*n + 27 = 0, 2*n + 3 = z + 6. Suppose u = -5*i + 6*u - 60, -z*i + 2*u - 54 = 0. Let c(b) = -b**3 - 11*b**2 - 11*b - 9. Give c(i).
1
Suppose 4 = 18*l - 16*l. Let t(d) = 5*d - 9*d**l - 19 + d + 10*d**2 + 0*d**2. Give t(-8).
-3
Let w(k) = -8*k**2 + 33*k - 27. Let l(s) = -4*s**2 + 19*s - 14. Let m(u) = -7*l(u) + 4*w(u). What is m(0)?
-10
Let z be (0 - -6)*(-15)/(-10). Suppose -z*d - 12 = -57. Suppose 0 = 6*b - b - d. Let x(k) = -10*k - 1. What is x(b)?
-11
Suppose 4*j - 37 = -17. Suppose -r + 2 = -2*r, b - j*r = 12. Let y(d) = -2 + 408*d**2 - d**3 - 206*d**b - 7*d - 208*d**2 - 4. Determine y(-4).
-10
Let r(p) be the second derivative of p**6/360 - p**5/40 + 25*p**4/12 + p**2/2 + 87*p. Let y(c) be the third derivative of r(c). What is y(-8)?
-19
Suppose 60*n = 106*n + 368. Let x(p) = -p**2 - 10*p - 34. Give x(n).
-18
Let f(d) = d**3 + 15*d**2 - 20*d + 43. Let a be f(-16). Let p be (-12)/(-42) - (a/7 + -3). Let q(v) = v**2 + 12*v - 9. Give q(p).
-9
Let g(f) = 2*f**2 - 3*f + 39. Let x(m) = 3*m**2 - 3*m + 73. Let v(q) = -5*g(q) + 3*x(q). Let a(d) = d**2 - 11*d - 18. Let r be a(13). Calculate v(r).
8
Let y(k) = -k**2 + 31*k + 160. Suppose 3*n + 110 - 122 = -d, -2*d + 32 = 5*n. Calculate y(d).
-20
Let g(k) = 52*k - 123. Let w(p) = -31*p + 113. Let v(x) = -2*g(x) - 3*w(x). What is v(-7)?
-16
Let q(m) = -32*m + 83. Suppose -5*a - 10 = -5*z, -7 = -4*z + 8*a - 3*a. Let p be q(z). Let d(u) = u + 12. Give d(p).
-1
Let z(m) = 3*m**2 + 4*m + 3. Let v be z(-1). Let g(s) = -7*s**v + 3*s**3 + s**2 - 4 + s**3 - 3*s**3 + 0*s**3 + 6*s. Calculate g(6).
32
Suppose 56 = -16*t - 152. Let m(y) = -y**3 - 14*y**2 - 17*y - 46. Determine m(t).
6
Let j(b) be the first derivative of -b**4/4 - 5*b**3/3 + 11*b**2/2 + 4*b - 91. Calculate j(-7).
25
Let t(p) be the third derivative of -p**6/120 + p**5/60 - p**4/24 + 2*p**2 - 2*p. Let l(a) = -4*a**3 + 3*a**2 - 2*a. Let x(s) = l(s) - 3*t(s). Determine x(-2).
6
Let u(h) = -4*h**3 + h**2 - h - 1. Let v be u(-1). Let a(o) be the third derivative of -o**4/12 - 2*o**3/3 + 129*o**2 - o. Determine a(v).
-14
Let o(x) = 2*x - 5. Let p(n) = 2*n + 15. Suppose 5*g - g + 22 = -5*k, -5*k - 32 = -g. Let s be p(k). Calculate o(s).
1
Let i(h) = 14*h - 75. Let v be i(10). Suppose 10*f = -5 - v. Let a(o) be the third derivative of -o**5/60 - o**4/3 + o**3/6 - o**2. What is a(f)?
8
Let p(q) be the third derivative of -q**6/120 + q**5/6 - 5*q**4/12 + q**3 + 2*q**2. Let a = 87424 - 87415. Calculate p(a).
-3
Let h(s) = s - 3. Let r be ((-15)/(-9))/(3/18). Let j(m) be the first derivative of -m**2/2 + 15*m + 24. Let n be j(r). Calculate h(n).
2
Let c be (-22)/6 + 17/(-51) + -19. Let f(s) = -s**2 - 25*s - 53. Determine f(c).
-7
Let s(g) = g - 2. Suppose 3*y - z = -0*y + 2, 4*z + 8 = 5*y. Suppose y = h + 21 - 7. Let t be (-12)/(-5) + h/35. Give s(t).
0
Let z(p) be the first derivative of 2*p**3/3 + p**2/2 - 12*p + 389. What is z(-6)?
54
Let x(t) = 5*t + 4. Let m be ((-8)/(-2))/(86/(-5332)). Let v = m + 246. What is x(v)?
-6
Let x(j) = 11*j + 38. Let t = 40809 + -40811. What is x(t)?
16
Let h = 590 - 588. Let o be h*((-102)/12 + 6). Let u(q) = q + 14. What is u(o)?
9
Let s(t) = t**3 + 8*t**2 + 11*t - 4. Let r be s(-6). Let f(g) = -9 + 3*g + r*g + 6 - 4*g + g**2. Let b be 6/(-2*(-3)/(-4)). What is f(b)?
9
Suppose 5*q + 366 = s, -36 = s - q - 414. Let a(w) = 760 - s - 378 - 9*w. What is a(2)?
-17
Let f(h) = h**3 + 1. Let s = 26 - 25. Let a be s - 1 - (4 - (3 + 3)). Let i be 3 + (5 - 8) - a. Calculate f(i).
-7
Let s(o) = 2*o**3 + 15*o**2 - o - 1. Let a(z) = z**3 + 22*z**2 + 2*z + 3. Let w(q) = -a(q) + s(q). What is w(4)?
-64
Let u be (-1)/(-1) - 1 - (5 - 9). Let k(o) = -4 + o - 14*o + u*o + 5*o + 3*o. Calculate k(-10).
6
Let v(x) = x**2 + x - 6. Suppose 66*n + 2115 = 57*n. Let p be (6/5)/(n/(-50) + -5). Give v(p).
6
Let k(b) = b**3 + 4*b**2 - 3*b + 4. Suppose 0*r - 6*r = 4590. Let x = -770 - r. Determine k(x).
-6
Let y(z) be the first derivative of z**3 + 37*z**2 + 40*z + 611. What is y(-24)?
-8
Suppose 4*x + 34 = -j, 288*j + x + 4 = 290*j. Let g(z) = z**3 - 3*z**2 - 13*z - 3. What is g(j)?
3
Let n = -55 + 60. Let l be (4 - 0 - n) + 3. Let g(s) = 2*s - 1. Determine g(l).
3
Let s(u) = -u**3 - 4*u**2 + 2*u + 4. Suppose -3951 = -7*o - 2*o. Let g = 435 - o. What is s(g)?
-4
Let k(c) be the second derivative of -c**3/6 - 9*c**2/2 - 3449*c. Suppose 3*f + 24 = 5*f. Let p be (-4)/f - (-58)/(-6). Determine k(p).
1
Let f(t) be the second derivative of -t**5/60 - t**4/3 - 5*t**3/6 + 63*t**2 + 23*t. Let m(i) be the first derivative of f(i). Calculate m(-4).
11
Suppose 793*x + 3148 = 689*x + 236. Let r(k) = -17*k - 470. What is r(x)?
6
Suppose -35*s = -319 + 109. Let b(g) = -g**2 + g - 12. Give b(s).
-42
Let b(j) = -j**3 + 8*j**2 - 5*j - 9. Let t be b(7). Let o(s) = -25*s**2 + 6*s + 654. Let d(h) = -3*h**2 + h + 77. Let n(k) = 17*d(k) - 2*o(k). Give n(t).
1
Let z(k) = -k**3 + 3*k**2 - 2*k - 1. Let g be z(2). Let b(f) = -8*f**2 + 159*f**3 - 146*f**3 + 7*f**2 + 2*f**2. What is b(g)?
-12
Let a(g) = 99*g - 82. Let o(i) = 446*i - 361. Let s(r) = 22*a(r) - 5*o(r). What is s(2)?
-103
Let w(y) = -1. Let l(r) = r**2 + r + 3. Suppose -5*a + 2*a = 18. Let o(h) = a*w(h) - l(h). Let b be (-3992)/2495 - (3 + -1)*(-21)/(-30). What is o(b)?
-3
Suppose 3*j = -0*j + 6. Let v(p) = 20*p - 3. Let z(l) = -18*l + 3. Let f(m) = -5*v(m) - 6*z(m). Let b(t) = -17*t + 6. Let w(q) = -4*b(q) - 9*f(q). Give w(j).
-5
Let b be (-31)/(26/(-13)*(-1)/(-2)). Suppose -b*t = -15*t - 16. Let m(k) = 